In base 12, what is 496 - -107409?
1078a3
In base 15, what is 8a139d0 + 2?
8a139d2
In base 14, what is -691d + b6?
-6847
In base 16, what is 5abc6 + -17?
5abaf
In base 13, what is 5a02 - -8914?
11616
In base 12, what is aa8 - a1284?
-a0398
In base 9, what is -286062643 + -5?
-286062648
In base 12, what is -6172864 - 0?
-6172864
In base 15, what is 17e53a + 47?
17e582
In base 6, what is 11 - 24510143?
-24510132
In base 12, what is -1 - 643509?
-64350a
In base 12, what is 6 + 12b00a6?
12b00b0
In base 13, what is 4 + 56c78650?
56c78654
In base 6, what is 11322211 + 25?
11322240
In base 3, what is 110122021 + 1000222122?
1111121220
In base 3, what is -21110021010121200212 - 10?
-21110021010121200222
In base 9, what is 3082107 + 3?
3082111
In base 13, what is 2264 - 46aa?
-2446
In base 16, what is 15a389 - -5?
15a38e
In base 15, what is -1 + -398494?
-398495
In base 7, what is 5 - -2240116515?
2240116523
In base 16, what is 605 + -11f9d?
-11998
In base 5, what is 334440 + 12430?
402420
In base 10, what is 20957291 + 25?
20957316
In base 12, what is 1 + -843b050?
-843b04b
In base 14, what is 1741391 + -1d?
1741372
In base 11, what is -5 - -a40362?
a40358
In base 14, what is -9a8749c + 3?
-9a87499
In base 7, what is -255334512 + -12?
-255334524
In base 13, what is -1819 - -5cac5?
5b2a9
In base 12, what is -26 - 3096aa?
-309714
In base 9, what is -15 - 3441837?
-3441853
In base 16, what is 1f851 - 17?
1f83a
In base 5, what is -144313042 - -40?
-144313002
In base 15, what is 21980 - 261b?
1e364
In base 4, what is -1120112 - -31310?
-1022202
In base 16, what is 36f6c8a2 + 3?
36f6c8a5
In base 13, what is 1 - -12ab6b5?
12ab6b6
In base 2, what is 111101010011101 - -1001100010?
111110011111111
In base 2, what is 1 - -10011011011111111100100001?
10011011011111111100100010
In base 16, what is -30b4f - -4?
-30b4b
In base 15, what is 2ab0 - 1bac?
e03
In base 4, what is -33131310 - 10301?
-33202211
In base 3, what is 2120002102 - -1000011?
2121002120
In base 10, what is 6 - 66831666?
-66831660
In base 7, what is -1450441513 - 5?
-1450441521
In base 4, what is -1 + -10120313033?
-10120313100
In base 16, what is -3 - -127e41?
127e3e
In base 11, what is -1 + 136689325?
136689324
In base 12, what is -30b18 + -7774?
-38690
In base 5, what is -23132 - 3423413?
-4002100
In base 10, what is -9 + 292190?
292181
In base 13, what is -3861946a - -3?
-38619467
In base 7, what is 120 - 2430236?
-2430116
In base 16, what is 2 + 3f26bd7?
3f26bd9
In base 16, what is 1a5 + -19f7?
-1852
In base 8, what is 5 + -3103034?
-3103027
In base 13, what is 1a101 - 585?
19849
In base 5, what is 22303301 - 130134?
22123112
In base 2, what is -101100 + -10000110000110010000001?
-10000110000110010101101
In base 7, what is -152325003 - -4?
-152324666
In base 6, what is 3102232051 - -5?
3102232100
In base 3, what is 120221 - 100101210221?
-100101020000
In base 14, what is 807 - 5cba8?
-5c3a1
In base 4, what is -1112300 - 131113?
-1310013
In base 12, what is -4174803 - 47?
-417484a
In base 8, what is 112702 + 25267?
140171
In base 9, what is 4 + -80334070?
-80334065
In base 2, what is -11010000111011011011111 - 100?
-11010000111011011100011
In base 5, what is -40040330 + -10010?
-40100340
In base 4, what is -32120 + 100213?
2033
In base 10, what is 134 - 7141?
-7007
In base 5, what is -43110 - -1231211?
1133101
In base 14, what is 44784 - -199?
4493d
In base 15, what is -430 + -98d2?
-9d12
In base 12, what is 10126 + 6418?
16542
In base 14, what is 0 + 38cc60?
38cc60
In base 9, what is -104233 - 78?
-104322
In base 7, what is -3211226 - -13?
-3211213
In base 14, what is -ca693 + 4?
-ca68d
In base 2, what is -11110101011110001000111 - 10?
-11110101011110001001001
In base 14, what is -20c7c - 3?
-20c81
In base 10, what is -42842 - 3685?
-46527
In base 10, what is 12784 - 468?
12316
In base 11, what is -126492 + -7?
-126499
In base 5, what is -334203232 + 2241?
-334200441
In base 15, what is -85b76 + -4?
-85b7a
In base 10, what is -133 - 400306?
-400439
In base 15, what is 2a5e49e + 8?
2a5e4a7
In base 16, what is -25e + 7b811?
7b5b3
In base 15, what is -12a + -124865?
-124990
In base 16, what is bd + 22171?
2222e
In base 9, what is 23 + -56443?
-56420
In base 5, what is -22041 - 10020110?
-10042201
In base 13, what is b3c - -2858b?
293ca
In base 13, what is -4863 - 10917?
-1547a
In base 12, what is 9 - 9139508?
-91394bb
In base 6, what is 103130 + -1023400?
-520230
In base 7, what is -113503404 - 3?
-113503410
In base 14, what is 30a6 + -3108?
-42
In base 3, what is -12122122 + -2000222000?
-2020121122
In base 16, what is -cee + b0bf?
a3d1
In base 14, what is 8c - 9840?
-9792
In base 14, what is cac8a + 217?
cb0a3
In base 13, what is -ba4b75 + 0?
-ba4b75
In base 14, what is 3aa8744 + -4?
3aa8740
In base 7, what is -11 + -130342161?
-130342202
In base 15, what is -299a - c9b?
-3746
In base 14, what is 8879b2 + 5?
8879b7
In base 3, what is -1211220012 + 1102010?
-1210111002
In base 5, what is 1101134120 + 11?
1101134131
In base 14, what is -515c02 - -3?
-515bdd
In base 8, what is -2135 + 44733?
42576
In base 7, what is 1604224 + 11?
1604235
In base 12, what is b547 + 195?
b720
In base 10, what is 22 + 1031276?
1031298
In base 10, what is 3029251 - 3?
3029248
In base 10, what is 448 + -70208?
-69760
In base 12, what is 0 + b2618a4?
b2618a4
In base 14, what is 1 + -3490c8d?
-3490c8c
In base 6, what is -112044 + 231314?
115230
In base 14, what is -5 + 1714d8c?
1714d87
In base 11, what is 20a55283 - 0?
20a55283
In base 11, what is 6a0812 - -89?
6a08a0
In base 2, what is -100010101111110001101 + -100000110?
-100010110000010010011
In base 4, what is -321 - 3222201?
-3223122
In base 8, what is -14227 - -42?
-14165
In base 15, what is -2b + 54c6?
549a
In base 7, what is 22 - 225140625?
-225140603
In base 9, what is 4 - -28505120?
28505124
In base 9, what is -475 - 15757?
-16343
In base 5, what is -21130410240 - -132?
-21130410103
In base 11, what is 1856765 + 1?
1856766
In base 13, what is 25bcc4 + -1cb?
25bac6
In base 13, what is -18c7a9 + 4?
-18c7a5
In base 3, what is -12020120121121212 + -112?
-12020120121122101
In base 7, what is -1 - 60624541?
-60624542
In base 13, what is -1 - -13516b0?
13516ac
In base 5, what is 100034332241 - -20?
100034332311
In base 9, what is -137581226 + 1?
-137581225
In base 4, what is 21122312330 - 1011?
21122311313
In base 10, what is -330076 - -16?
-330060
In base 8, what is -214 - -3771006?
3770572
In base 15, what is -6c14 + -c5a?
-796e
In base 5, what is -3303013304 + 12?
-3303013242
In base 7, what is 22 - 41263303?
-41263251
In base 4, what is 320201102 - -2233?
320210001
In base 2, what is 1 + 111100000110111101001?
111100000110111101010
In base 4, what is 321033131330 - 3?
321033131321
In base 3, what is -111 - -200220102002?
200220101121
In base 5, what is -124422132 + -10241?
-124432423
In base 11, what is -243373 - -15?
-243359
In base 5, what is 200 + 12440412?
12441112
In base 6, what is 1050254 - 312?
1045542
In base 5, what is 2032 + -1120401234?
-1120344202
In base 5, what is 24411 - -211323?
241234
In base 14, what is -378 + -1b93c?
-1bcb6
In base 12, what is -6683a5 - -22?
-668383
In base 6, what is -3110242240 - 1?
-3110242241
In base 10, what is -35 - -3008463?
3008428
In base 2, what is 1101111 + -11101011101000?
-11101001111001
In base 15, what is -8b5c4 - 3b?
-8b610
In base 9, what is -2 - 44630146?
-44630148
In base 9, what is 0 + 103410872?
103410872
In base 7, what is 5 + 13210505?
13210513
In base 13, what is -2 - 739b543?
-739b545
In base 6, what is -413403 - 4313?
-422120
In base 12, what is 3b20b - -32?
3b241
In base 13, what is 10b - 15b41?
-15a33
In base 9, what is 87 + 220003?
220101
In base 6, what is 441 - 540424?
-535543
In base 3, what is -10121 + 1000000201202?
1000000121011
In base 7, what is -105346010 - -126?
-105345551
In base 3, what is -1200102021020221 - 0?
-1200102021020221
In base 9, what is 702 - -81235?
82037
In base 8, what is 6423557 - 34?
6423523
In base 13, what is -1b2517357 + 2?
-1b2517355
In base 2, what is -11 + 111101111101110110100?
111101111101110110001
In base 14, what is 1 - 503b655?
-503b654
In base 2, what is -1110100 + 10000110001011010?
10000101111100110
In base 8, what is -5 - -461143713?
461143706
In base 